at is -120201 - -2?
-120122
In base 16, what is 2 + d9?
db
In base 10, what is -3 + 2736?
2733
In base 8, what is -52 + -4?
-56
In base 7, what is 5353 - -4?
5360
In base 7, what is -16 - 2614?
-2633
In base 5, what is 13414 - -10?
13424
In base 10, what is -4111 - -3?
-4108
In base 16, what is -532 - 4?
-536
In base 2, what is -110 - -11110?
11000
In base 10, what is 17 + -49?
-32
In base 16, what is -44 - e?
-52
In base 12, what is 7 - b?
-4
In base 13, what is -1b2 + -2?
-1b4
In base 9, what is -1462 - 0?
-1462
In base 5, what is 0 + -11?
-11
In base 13, what is 4 - 155?
-151
In base 6, what is 11 - 255?
-244
In base 16, what is -26 - 8?
-2e
In base 13, what is 13 - 0?
13
In base 5, what is 4211 + -23?
4133
In base 7, what is -235543 + -3?
-235546
In base 8, what is -25 + 0?
-25
In base 2, what is -1101011110 + -1?
-1101011111
In base 13, what is -5 - 401?
-406
In base 11, what is -6 - 106?
-111
In base 8, what is 1 - -120?
121
In base 12, what is b0 - -2?
b2
In base 15, what is 0 - 31?
-31
In base 15, what is 17ad + -4?
17a9
In base 6, what is -240 + 1?
-235
In base 9, what is -154 + -6?
-161
In base 5, what is -140442 - -1?
-140441
In base 15, what is 49 + 0?
49
In base 7, what is -146 + 11?
-135
In base 8, what is 3 - -5165?
5170
In base 7, what is 4 + 35?
42
In base 15, what is 1b6 - 0?
1b6
In base 16, what is 264 + 3?
267
In base 8, what is 3 - 103?
-100
In base 10, what is 1202 - 6?
1196
In base 3, what is 2 + -20112?
-20110
In base 16, what is -88 - 3?
-8b
In base 5, what is 10 + 102?
112
In base 9, what is -15 - -1028?
1013
In base 7, what is -1 + -163?
-164
In base 13, what is 22 + -6?
19
In base 3, what is -100 - 2020?
-2120
In base 10, what is 3 + -246?
-243
In base 9, what is 0 - -77?
77
In base 5, what is 200 + 21?
221
In base 10, what is 9 + 7?
16
In base 3, what is -111222 + 12?
-111210
In base 12, what is -2 - -15?
13
In base 6, what is -12 + 11?
-1
In base 12, what is 981 - 1?
980
In base 12, what is -284 - 2?
-286
In base 10, what is 2 + 545?
547
In base 13, what is -2 + 236?
234
In base 9, what is -157 - -8?
-148
In base 13, what is 36c - c?
360
In base 9, what is 5 + -382?
-376
In base 7, what is 1114 + 3?
1120
In base 15, what is -57a - -1?
-579
In base 11, what is -5a + 0?
-5a
In base 9, what is 1 - -2?
3
In base 12, what is 1563 + -2?
1561
In base 8, what is 2 - -1271?
1273
In base 4, what is -10 - -120?
110
In base 8, what is -4 + 74?
70
In base 11, what is -a05 - 3?
-a08
In base 11, what is -607 + 0?
-607
In base 12, what is 6 - -24?
2a
In base 3, what is -12 + -220010?
-220022
In base 7, what is 0 - 2002?
-2002
In base 7, what is 10 + -3?
4
In base 13, what is -22 + 281?
25c
In base 5, what is 1320 + 14?
1334
In base 6, what is 1313 + 4?
1321
In base 15, what is -2cbe - 1?
-2cc0
In base 16, what is 2f6b + -4?
2f67
In base 11, what is -5 + 84?
7a
In base 16, what is dc7 - -3?
dca
In base 12, what is 100 + -37?
85
In base 2, what is 1001111100110 - 100?
1001111100010
In base 12, what is -4 - 96?
-9a
In base 6, what is -2541 - -1?
-2540
In base 4, what is 3 - 311?
-302
In base 14, what is 42 - -3?
45
In base 11, what is 3 + -2149?
-2146
In base 10, what is -40 + 15?
-25
In base 4, what is 11 - -3000?
3011
In base 13, what is 2a25 + 2?
2a27
In base 4, what is 1200 - -10?
1210
In base 4, what is -23 - 111?
-200
In base 4, what is 11 - -12030?
12101
In base 12, what is 112 + 1?
113
In base 7, what is -6 + 12?
3
In base 15, what is 1c - b2?
-95
In base 7, what is -116 - -5?
-111
In base 6, what is -3 - -11415?
11412
In base 6, what is -4 - -11?
3
In base 16, what is 49 - -1?
4a
In base 7, what is 5 - -13040?
13045
In base 15, what is -3c - 7?
-44
In base 6, what is 14405 + 3?
14412
In base 10, what is -71 + 31?
-40
In base 11, what is 4 + 100?
104
In base 16, what is -3 - -36d?
36a
In base 12, what is 0 - 4b55?
-4b55
In base 15, what is 1 + 14a2?
14a3
In base 7, what is 405 + 6?
414
In base 3, what is 10000202 - 2?
10000200
In base 7, what is 0 - 1515?
-1515
In base 6, what is -1055 - 3?
-1102
In base 16, what is 11b + 5?
120
In base 7, what is 2552 + 4?
2556
In base 4, what is 2000 + -11?
1323
In base 7, what is -335 + -20?
-355
In base 10, what is 5 + 4?
9
In base 6, what is 2 - -225?
231
In base 15, what is 10 - -42?
52
In base 7, what is -10 - -3260?
3250
In base 12, what is -3 - -121?
11a
In base 5, what is 103 + -140?
-32
In base 16, what is -c - cf?
-db
In base 16, what is -5 + 26?
21
In base 15, what is 3 + -14?
-11
In base 9, what is 52 - 6?
45
In base 6, what is -23 - 1215?
-1242
In base 10, what is 4 + -14?
-10
In base 8, what is -4 + 1317?
1313
In base 6, what is 10 + -343?
-333
In base 8, what is 435 - -5?
442
In base 16, what is 2 - -102?
104
In base 6, what is -513 - 5?
-522
In base 3, what is 211 - 1122012?
-1121101
In base 14, what is 104 - -1?
105
In base 4, what is -310 - -11?
-233
In base 9, what is 2654 - 4?
2650
In base 10, what is -2779 + 4?
-2775
In base 16, what is 543 - 3?
540
In base 9, what is 6 - 87?
-81
In base 7, what is -45 - -5?
-40
In base 13, what is -3a2 + 18?
-387
In base 8, what is 107 + 4?
113
In base 11, what is 5 + 3?
8
In base 14, what is 261 - 2?
25d
In base 14, what is 5 + 15?
1a
In base 5, what is 0 - 11304?
-11304
In base 13, what is -4 + 458?
454
In base 8, what is 13047 + 3?
13052
In base 4, what is -300 - -2?
-232
In base 4, what is 2 - -11332?
12000
In base 14, what is 818 - 2?
816
In base 12, what is -a4 - -b?
-95
In base 6, what is -14 + -3235?
-3253
In base 6, what is -55542 + 5?
-55533
In base 15, what is 0 + -44?
-44
In base 9, what is -47 - 127?
-175
In base 9, what is 3 + 51?
54
In base 13, what is -5 - -54?
4c
In base 13, what is -6 + 30?
27
In base 12, what is -7b + -5?
-84
In base 14, what is -1 + -bc8?
-bc9
In base 15, what is -c - -6?
-6
In base 11, what is 11322 + 0?
11322
In base 16, what is 3979 + 3?
397c
In base 3, what is 2201 + -11?
2120
In base 6, what is 24 - 2413?
-2345
In base 3, what is 2 + -121?
-112
In base 6, what is 5 + -432?
-423
In base 15, what is -3 + -37?
-3a
In base 6, what is -254 + 0?
-254
In base 10, what is -270 - -10?
-260
In base 4, what is -1 + 322130?
322123
In base 12, what is 5 - 176?
-171
In base 12, what is 160 - -9?
169
In base 13, what is -7b - -4?
-77
In base 14, what is -2 + -65?
-67
In base 5, what is -10 - -443?
433
In base 3, what is -1112 - 1000?
-2112
In base 10, what is -2 - -1599?
1597
In base 14, what is -3 + c?
9
In base 4, what is 11132102 - 0?
11132102
In base 6, what is 5 + -2021?
-2012
In base 12, what is 1 - 340?
-33b
In base 9, what is -157 + -21?
-178
In base 4, what is -1101202 + 10?
-1101132
In base 11, what is 8 - -1893?
18a0
In base 4, what is 3 - -2012311?
2012320
In base 7, what is -50 + -612?
-662
In base 9, what is 0 - 2001?
-2001
In base 4, what is -131331 + 11?
-131320
In base 11, what is -878 - -1?
-877
In base 11, what is 122 + 3?
125
In base 2, what is 1 + 10010000?
10010001
In base 7, what is 4 + 660?
664
In base 11, what is -4 - 79?
-82
In base 7, what is 335 + 6?
344
In base 5, what is -20 + 223?
203
In base 16, what is -27 - 60?
-87
In base 11, what is -1199 - -2?
-1197
In base 16, what is 36f + -3?
36c
In base 16, what is -170 - 0?
-170
In base 15, what is 0 - -335?
335
In base 10, what is 110 + 10?
120
In base 2, what is 101000 + -1101?
11011
In base 12, what is 1a - -52?
70
In base 15, what is 5 - 56?
-51
In base 13, what is -32 - 7?
-39
In base 3, what is 2 - 100011?
-100002
In base 11, what is 11 - 2?
a
In base 13, what is -1 + -539?
-53a
In base 16, what is -2 + -3b6?
-3b8
In base 16, what is e - 0?
e
In base 5, what is 131 - 1?
130
In base 9, what is -543 + -4?
-547
In base 9, what is -5 + -813?
-818
In base 8, what is -1 + 1226?
1225
In base 2, what is -101 - -11110?
11001
In base 3, what is -110002 + 0?
-110002
In base 4, what is 22 - 130?
-102
In base 12, what is -7 + 144b?
1444
In base 7, what is 0 - 14?
-14
In base 10, what is -26 + -9?
-35
In base 7, what is 51 + -360?
-306
In base 5, what is -131 - 3330?
-4011
In base 16, what is -252 - 2?
-254
In base 11, what is -249 + 35?
-214
In base 10, what is -144 - -5?
-139
In base 10, what is 631 + 0?
631
In base 10, what is 3 + 10?
13
In base 10, what is 2 + 162?
164
In base 15, what is 0 + 10?
10
In base 2, what is -10001 - 111?
